ite?
True
Is 2796679 a composite number?
True
Is 517591 prime?
False
Is 23787931 composite?
False
Is 10053289 a composite number?
False
Is 116772809 composite?
False
Is 1626803 a composite number?
False
Is 57702691 a prime number?
True
Is 219569533 composite?
False
Is 1794071 prime?
False
Is 4179503 a prime number?
False
Is 45069041 a composite number?
True
Is 491125697 a composite number?
False
Is 1994977 a prime number?
True
Is 2922433 a prime number?
True
Is 1727821 composite?
True
Is 250108671 composite?
True
Is 27783163 composite?
False
Is 8576767 a prime number?
True
Is 2300429 a prime number?
True
Is 1533197 a composite number?
False
Is 5781409 a prime number?
True
Is 23145167 prime?
True
Is 18918413 composite?
False
Is 126470237 a prime number?
False
Is 148956169 composite?
True
Is 4359622 a prime number?
False
Is 31710743 prime?
True
Is 19720759 a prime number?
False
Is 174389 composite?
False
Is 108051331 composite?
False
Is 199580143 a composite number?
True
Is 80541947 composite?
False
Is 1830863 prime?
True
Is 5895437 a composite number?
True
Is 5968487 composite?
True
Is 9842977 a composite number?
True
Is 290959 a composite number?
False
Is 37671427 a prime number?
True
Is 79301 prime?
True
Is 10604177 a composite number?
False
Is 7283839 a prime number?
True
Is 14168086 composite?
True
Is 12319613 composite?
True
Is 60162449 composite?
True
Is 5992361 prime?
True
Is 2531293 prime?
True
Is 1200709877 a composite number?
False
Is 41140919 a prime number?
True
Is 126883051 composite?
False
Is 34209161 prime?
False
Is 5500141 a composite number?
False
Is 5835701 composite?
False
Is 1002031 a prime number?
False
Is 6855967 a prime number?
True
Is 194707777 prime?
False
Is 6363043 prime?
False
Is 4336759 a prime number?
False
Is 6420667 a prime number?
False
Is 3055753 a composite number?
False
Is 5311979 prime?
False
Is 3265289 composite?
True
Is 555487 a prime number?
True
Is 51936199 composite?
True
Is 7661717 a composite number?
True
Is 8202283 prime?
False
Is 9051433 composite?
False
Is 22469063 composite?
True
Is 29944867 prime?
True
Is 27232237 composite?
False
Is 9342913 prime?
False
Is 20509387 composite?
True
Is 603803 composite?
True
Is 292444853 prime?
True
Is 44593351 composite?
True
Is 28184969 composite?
False
Is 246317 a composite number?
False
Is 951877 a composite number?
True
Is 161197 prime?
False
Is 72902383 a composite number?
False
Is 2007791 a composite number?
False
Is 18161783 composite?
True
Is 7852069 composite?
True
Is 55734941 a composite number?
False
Is 477671711 composite?
True
Is 3576695 a prime number?
False
Is 71607707 prime?
True
Is 4371491 a prime number?
True
Is 1370680727 a composite number?
True
Is 19880933 prime?
True
Is 1002709 composite?
False
Is 739301 a composite number?
False
Is 167517359 composite?
True
Is 814447 prime?
True
Is 54493 a composite number?
False
Is 7042619 a composite number?
False
Is 2982305 composite?
True
Is 2407558 prime?
False
Is 17795513 prime?
True
Is 591502 prime?
False
Is 54821681 a composite number?
False
Is 3905015 a composite number?
True
Is 42716851 prime?
True
Is 82293 a composite number?
True
Is 393046789 a prime number?
False
Is 28605569 a composite number?
False
Is 73148069 composite?
True
Is 99251 a prime number?
True
Is 124132297 prime?
False
Is 64982795 prime?
False
Is 15180593 composite?
False
Is 4086563 a prime number?
False
Is 392893255 a prime number?
False
Is 7014533 a composite number?
False
Is 616591999 prime?
False
Is 6766783 a composite number?
True
Is 26271121 a composite number?
False
Is 147615037 a prime number?
False
Is 189653741 composite?
True
Is 118489 prime?
False
Is 745607 a composite number?
True
Is 11202727 a composite number?
True
Is 100491481 a prime number?
True
Is 27489041 prime?
True
Is 50116361 composite?
True
Is 255554041 a composite number?
False
Is 5582051 prime?
False
Is 57330313 composite?
False
Is 6074779 composite?
False
Is 6619967 composite?
False
Is 45133457 a composite number?
False
Is 102814793 composite?
True
Is 148268483 a composite number?
True
Is 416761 a prime number?
True
Is 474287207 composite?
False
Is 1496423 a composite number?
False
Is 17156461 a composite number?
True
Is 1291883 a prime number?
True
Is 1289221 a composite number?
True
Is 14909893 prime?
False
Is 299543 prime?
False
Is 407530289 composite?
False
Is 179351 composite?
False
Is 28868081 composite?
True
Is 60808309 a composite number?
True
Is 1247249657 composite?
False
Is 1080583 prime?
False
Is 15097423 a prime number?
False
Is 210995639 prime?
True
Is 5537299 prime?
False
Is 16144714 prime?
False
Is 12046495 a composite number?
True
Is 3221815 a prime number?
False
Is 733697 prime?
True
Is 11171101 composite?
True
Is 508189 a prime number?
False
Is 53216717 a composite number?
True
Is 105742883 prime?
False
Is 148679 prime?
False
Is 14520247 prime?
False
Is 8642113 a composite number?
True
Is 157862689 prime?
False
Is 675739 a prime number?
True
Is 895556137 a composite number?
True
Is 1048301 a composite number?
True
Is 15186641 composite?
True
Is 18600133 composite?
False
Is 6785661 prime?
False
Is 165194977 prime?
False
Is 2843669 composite?
True
Is 30677587 a prime number?
True
Is 191099 a prime number?
True
Is 311431417 prime?
False
Is 42964093 a composite number?
False
Is 117275519 a prime number?
True
Is 180629003 prime?
True
Is 91401307 prime?
True
Is 15857641 a prime number?
True
Is 169940973 a prime number?
False
Is 43209581 prime?
True
Is 57923681 composite?
False
Is 991261 prime?
True
Is 441677 composite?
True
Is 514873 a composite number?
False
Is 102201553 prime?
True
Is 4796423 a composite number?
False
Is 1454263 composite?
True
Is 67259093 a composite number?
True
Is 14712931 composite?
True
Is 8377813 prime?
False
Is 5029121 a prime number?
True
Is 2631133 a prime number?
True
Is 884878 a prime number?
False
Is 40924987 a prime number?
False
Is 162009413 prime?
True
Is 6420697 prime?
True
Is 3673937 composite?
False
Is 292201829 a prime number?
True
Is 3385211 prime?
False
Is 26514179 prime?
True
Is 243967643 a prime number?
False
Is 6209993 a prime number?
False
Is 6403399 composite?
True
Is 155116303 a prime number?
True
Is 334188065 composite?
True
Is 81403313 a composite number?
False
Is 129277 a composite number?
False
Is 25427711 a prime number?
True
Is 1098403 composite?
True
Is 3997767269 a composite number?
False
Is 992149 a composite number?
True
Is 88446185 a composite number?
True
Is 1233073 a prime number?
True
Is 14098481 prime?
True
Is 178863 prime?
False
Is 4814209 a prime number?
True
Is 325281665 prime?
False
Is 5841989 a composite number?
False
Is 541 prime?
True
Is 136341983 a prime number?
False
Is 600857 a prime number?
True
Is 99457195 composite?
True
Is 2020933 a composite number?
False
Is 644573 a composite number?
True
Is 6599477 a composite number?
False
Is 1796889 a composite number?
True
Is 126837541 composite?
False
Is 161627 a prime number?
True
Is 17073169 prime?
False
Is 47996357 a prime number?
True
Is 18567151 a prime number?
True
Is 218692083 composite?
True
Is 39829015 a prime number?
False
Is 35915531 prime?
True
Is 23739613 composite?
False
Is 6098945 a prime number?
False
Is 100120321 composite?
True
Is 37516559 prime?
True
Is 5006987 a composite number?
True
Is 964788823 prime?
True
Is 334021 a prime number?
True
Is 1739009 a composite number?
False
Is 152079789 prime?
False
Is 38386847 composite?
True
Is 445161323 a prime number?
True
Is 843328093 a prime number?
True
Is 58268449 a prime number?
True
Is 6466123 a composite number?
False
Is 126909047 a prime number?
False
Is 4630411 composite?
True
Is 12707887 composite?
True
Is 58577611 prime?
True
Is 62013298 a composite number?
True
Is 2321609 a composite number?
True
Is 223207 a prime number?
True
Is 87224099 a composite number?
False
Is 3813081 a prime number?
False
Is 156107741 prime?
True
Is 1287035 prime?
False
Is 430343 a prime number?
True
Is 20161285 prime?
False
Is 7299143 prime?
True
Is 4365773 prime?
True
Is 20675177 a composite number?
True
Is 86047831 composite?
False
Is 961773 a prime number?
False
Is 91272353 a prime number?
False
Is 148586773 composite?
True
Is 2046461 a composite number?
True
Is 1328299 a co